{"id":13,"date":"2021-02-12T14:05:35","date_gmt":"2021-02-12T14:05:35","guid":{"rendered":"https:\/\/help2gether.fr\/?page_id=13"},"modified":"2021-03-15T13:11:06","modified_gmt":"2021-03-15T13:11:06","slug":"une-plateforme-pour-les-jeunes-aidants","status":"publish","type":"page","link":"https:\/\/help2gether.fr\/index.php\/qui-sommes-nous\/une-plateforme-pour-les-jeunes-aidants\/","title":{"rendered":"Une plateforme pour les jeunes aidants"},"content":{"rendered":"\t\t<div data-elementor-type=\"wp-page\" data-elementor-id=\"13\" class=\"elementor elementor-13\" data-elementor-post-type=\"page\">\n\t\t\t\t\t\t<section class=\"elementor-section elementor-top-section elementor-element elementor-element-ed3ff58 elementor-section-full_width elementor-section-height-default elementor-section-height-default\" data-id=\"ed3ff58\" data-element_type=\"section\" data-e-type=\"section\" data-settings=\"{&quot;shape_divider_bottom&quot;:&quot;mountains&quot;}\">\n\t\t\t\t\t<div class=\"elementor-shape elementor-shape-bottom\" aria-hidden=\"true\" data-negative=\"false\">\n\t\t\t<svg xmlns=\"http:\/\/www.w3.org\/2000\/svg\" viewBox=\"0 0 1000 100\" preserveAspectRatio=\"none\">\n\t<path class=\"elementor-shape-fill\" opacity=\"0.33\" d=\"M473,67.3c-203.9,88.3-263.1-34-320.3,0C66,119.1,0,59.7,0,59.7V0h1000v59.7 c0,0-62.1,26.1-94.9,29.3c-32.8,3.3-62.8-12.3-75.8-22.1C806,49.6,745.3,8.7,694.9,4.7S492.4,59,473,67.3z\"\/>\n\t<path class=\"elementor-shape-fill\" opacity=\"0.66\" d=\"M734,67.3c-45.5,0-77.2-23.2-129.1-39.1c-28.6-8.7-150.3-10.1-254,39.1 s-91.7-34.4-149.2,0C115.7,118.3,0,39.8,0,39.8V0h1000v36.5c0,0-28.2-18.5-92.1-18.5C810.2,18.1,775.7,67.3,734,67.3z\"\/>\n\t<path class=\"elementor-shape-fill\" d=\"M766.1,28.9c-200-57.5-266,65.5-395.1,19.5C242,1.8,242,5.4,184.8,20.6C128,35.8,132.3,44.9,89.9,52.5C28.6,63.7,0,0,0,0 h1000c0,0-9.9,40.9-83.6,48.1S829.6,47,766.1,28.9z\"\/>\n<\/svg>\t\t<\/div>\n\t\t\t\t\t<div class=\"elementor-container elementor-column-gap-no\">\n\t\t\t\t\t<div class=\"elementor-column elementor-col-100 elementor-top-column elementor-element elementor-element-4232c22\" data-id=\"4232c22\" data-element_type=\"column\" data-e-type=\"column\">\n\t\t\t<div class=\"elementor-widget-wrap elementor-element-populated\">\n\t\t\t\t\t\t<div class=\"elementor-element elementor-element-f61f06b elementor-widget elementor-widget-image\" data-id=\"f61f06b\" data-element_type=\"widget\" data-e-type=\"widget\" data-widget_type=\"image.default\">\n\t\t\t\t<div class=\"elementor-widget-container\">\n\t\t\t\t\t\t\t\t\t\t\t\t\t\t\t<img fetchpriority=\"high\" decoding=\"async\" width=\"1920\" height=\"1440\" src=\"https:\/\/help2gether.fr\/wp-content\/uploads\/2021\/03\/hiker-1984421_1920.jpg\" class=\"attachment-full size-full wp-image-278\" alt=\"help2gether-plateforme\" srcset=\"https:\/\/help2gether.fr\/wp-content\/uploads\/2021\/03\/hiker-1984421_1920.jpg 1920w, https:\/\/help2gether.fr\/wp-content\/uploads\/2021\/03\/hiker-1984421_1920-300x225.jpg 300w, https:\/\/help2gether.fr\/wp-content\/uploads\/2021\/03\/hiker-1984421_1920-1024x768.jpg 1024w, https:\/\/help2gether.fr\/wp-content\/uploads\/2021\/03\/hiker-1984421_1920-768x576.jpg 768w, https:\/\/help2gether.fr\/wp-content\/uploads\/2021\/03\/hiker-1984421_1920-1536x1152.jpg 1536w\" sizes=\"100vw\" \/>\t\t\t\t\t\t\t\t\t\t\t\t\t\t\t<\/div>\n\t\t\t\t<\/div>\n\t\t\t\t\t<\/div>\n\t\t<\/div>\n\t\t\t\t\t<\/div>\n\t\t<\/section>\n\t\t\t\t<section class=\"elementor-section elementor-top-section elementor-element elementor-element-e9fb1e3 elementor-section-boxed elementor-section-height-default elementor-section-height-default\" data-id=\"e9fb1e3\" data-element_type=\"section\" data-e-type=\"section\">\n\t\t\t\t\t\t<div class=\"elementor-container elementor-column-gap-default\">\n\t\t\t\t\t<div class=\"elementor-column elementor-col-100 elementor-top-column elementor-element elementor-element-f23f94c\" data-id=\"f23f94c\" data-element_type=\"column\" data-e-type=\"column\">\n\t\t\t<div class=\"elementor-widget-wrap elementor-element-populated\">\n\t\t\t\t\t\t<div class=\"elementor-element elementor-element-457a61b elementor-widget elementor-widget-heading\" data-id=\"457a61b\" data-element_type=\"widget\" data-e-type=\"widget\" data-widget_type=\"heading.default\">\n\t\t\t\t<div class=\"elementor-widget-container\">\n\t\t\t\t\t<h1 class=\"elementor-heading-title elementor-size-default\">Une plateforme pour les jeunes aidants<\/h1>\t\t\t\t<\/div>\n\t\t\t\t<\/div>\n\t\t\t\t<div class=\"elementor-element elementor-element-3da98f1 elementor-widget elementor-widget-text-editor\" data-id=\"3da98f1\" data-element_type=\"widget\" data-e-type=\"widget\" data-widget_type=\"text-editor.default\">\n\t\t\t\t<div class=\"elementor-widget-container\">\n\t\t\t\t\t\t\t\t\t<div class=\"page\" title=\"Page 1\"><div class=\"layoutArea\"><div class=\"column\"><div class=\"page\" title=\"Page 1\"><div class=\"layoutArea\"><div class=\"column\"><p>Nous sommes des aidants, des be\u0301ne\u0301voles re\u0301uni(e)s au sein du <strong><a href=\"https:\/\/soutien-aux-aidants.fr\/\">Collectif Associatif de Soutien aux Aidants (CASA)<\/a><\/strong><\/p><p>Cre\u0301er le bon outil pour les jeunes aidants et tous les publics en contact avec eux, c\u2019est l\u2019objectif du CASA avec la plateforme Help2gether.<\/p><\/div><\/div><\/div><\/div><\/div><\/div>\t\t\t\t\t\t\t\t<\/div>\n\t\t\t\t<\/div>\n\t\t\t\t\t<\/div>\n\t\t<\/div>\n\t\t\t\t\t<\/div>\n\t\t<\/section>\n\t\t\t\t<section class=\"elementor-section elementor-top-section elementor-element elementor-element-7017a59 elementor-section-full_width elementor-section-height-default elementor-section-height-default\" data-id=\"7017a59\" data-element_type=\"section\" data-e-type=\"section\" data-settings=\"{&quot;background_background&quot;:&quot;classic&quot;}\">\n\t\t\t\t\t\t<div class=\"elementor-container elementor-column-gap-default\">\n\t\t\t\t\t<div class=\"elementor-column elementor-col-100 elementor-top-column elementor-element elementor-element-316287f\" data-id=\"316287f\" data-element_type=\"column\" data-e-type=\"column\">\n\t\t\t<div class=\"elementor-widget-wrap elementor-element-populated\">\n\t\t\t\t\t\t<div class=\"elementor-element elementor-element-04a7f48 elementor-widget elementor-widget-counter\" data-id=\"04a7f48\" data-element_type=\"widget\" data-e-type=\"widget\" data-widget_type=\"counter.default\">\n\t\t\t\t<div class=\"elementor-widget-container\">\n\t\t\t\t\t\t\t<div class=\"elementor-counter\">\n\t\t\t<div class=\"elementor-counter-title\"> C'est le nombre de jeunes aidants en France \ud83c\uddeb\ud83c\uddf7<\/div>\t\t\t<div class=\"elementor-counter-number-wrapper\">\n\t\t\t\t<span class=\"elementor-counter-number-prefix\"><\/span>\n\t\t\t\t<span class=\"elementor-counter-number\" data-duration=\"1000\" data-to-value=\"500000\" data-from-value=\"0\" data-delimiter=\" \">0<\/span>\n\t\t\t\t<span class=\"elementor-counter-number-suffix\"><\/span>\n\t\t\t<\/div>\n\t\t<\/div>\n\t\t\t\t\t\t<\/div>\n\t\t\t\t<\/div>\n\t\t\t\t<div class=\"elementor-element elementor-element-8bfd051 elementor-blockquote--skin-quotation elementor-blockquote--align-center elementor-widget elementor-widget-blockquote\" data-id=\"8bfd051\" data-element_type=\"widget\" data-e-type=\"widget\" data-widget_type=\"blockquote.default\">\n\t\t\t\t<div class=\"elementor-widget-container\">\n\t\t\t\t\t\t\t<blockquote class=\"elementor-blockquote\">\n\t\t\t<p class=\"elementor-blockquote__content\">\n\t\t\t\tHelp2gether doit devenir leur espace pour cr\u00e9er une communaut\u00e9 aidante et bienveillante,<br>avec les r\u00e9ponses \u00e0 toutes leurs questions.\t\t\t<\/p>\n\t\t\t\t\t<\/blockquote>\n\t\t\t\t\t\t<\/div>\n\t\t\t\t<\/div>\n\t\t\t\t<div class=\"elementor-element elementor-element-c5cb8db elementor-widget elementor-widget-text-editor\" data-id=\"c5cb8db\" data-element_type=\"widget\" data-e-type=\"widget\" data-widget_type=\"text-editor.default\">\n\t\t\t\t<div class=\"elementor-widget-container\">\n\t\t\t\t\t\t\t\t\t<p>Cette plateforme \u00e0 vocation europ\u00e9enne s\u2019appuie sur la Charte des jeunes aidants d\u2019Irlande. \ud83c\uddee\ud83c\uddea<\/p>\t\t\t\t\t\t\t\t<\/div>\n\t\t\t\t<\/div>\n\t\t\t\t<div class=\"elementor-element elementor-element-4125507 elementor-align-center elementor-widget elementor-widget-button\" data-id=\"4125507\" data-element_type=\"widget\" data-e-type=\"widget\" data-widget_type=\"button.default\">\n\t\t\t\t<div class=\"elementor-widget-container\">\n\t\t\t\t\t\t\t\t\t<div class=\"elementor-button-wrapper\">\n\t\t\t\t\t<a class=\"elementor-button elementor-button-link elementor-size-sm elementor-animation-grow\" href=\"https:\/\/help2gether.fr\/index.php\/qui-sommes-nous\/\">\n\t\t\t\t\t\t<span class=\"elementor-button-content-wrapper\">\n\t\t\t\t\t\t\t\t\t<span class=\"elementor-button-text\">D\u00c9COUVRIR LA CHARTE<\/span>\n\t\t\t\t\t<\/span>\n\t\t\t\t\t<\/a>\n\t\t\t\t<\/div>\n\t\t\t\t\t\t\t\t<\/div>\n\t\t\t\t<\/div>\n\t\t\t\t\t<\/div>\n\t\t<\/div>\n\t\t\t\t\t<\/div>\n\t\t<\/section>\n\t\t\t\t<section class=\"elementor-section elementor-top-section elementor-element elementor-element-8b3c6ff elementor-section-boxed elementor-section-height-default elementor-section-height-default\" data-id=\"8b3c6ff\" data-element_type=\"section\" data-e-type=\"section\">\n\t\t\t\t\t\t<div class=\"elementor-container elementor-column-gap-default\">\n\t\t\t\t\t<div class=\"elementor-column elementor-col-100 elementor-top-column elementor-element elementor-element-c3c7b01\" data-id=\"c3c7b01\" data-element_type=\"column\" data-e-type=\"column\">\n\t\t\t<div class=\"elementor-widget-wrap elementor-element-populated\">\n\t\t\t\t\t\t<div class=\"elementor-element elementor-element-cd9587f elementor-testimonial--skin-bubble elementor-testimonial--layout-image_above elementor-pagination-type-progressbar elementor-testimonial--align-center elementor-arrows-yes elementor-widget elementor-widget-testimonial-carousel\" data-id=\"cd9587f\" data-element_type=\"widget\" data-e-type=\"widget\" data-settings=\"{&quot;pagination&quot;:&quot;progressbar&quot;,&quot;slides_per_view&quot;:&quot;1&quot;,&quot;speed&quot;:800,&quot;autoplay_speed&quot;:10000,&quot;space_between&quot;:{&quot;unit&quot;:&quot;px&quot;,&quot;size&quot;:0,&quot;sizes&quot;:[]},&quot;show_arrows&quot;:&quot;yes&quot;,&quot;autoplay&quot;:&quot;yes&quot;,&quot;loop&quot;:&quot;yes&quot;,&quot;pause_on_hover&quot;:&quot;yes&quot;,&quot;pause_on_interaction&quot;:&quot;yes&quot;,&quot;space_between_tablet&quot;:{&quot;unit&quot;:&quot;px&quot;,&quot;size&quot;:10,&quot;sizes&quot;:[]},&quot;space_between_mobile&quot;:{&quot;unit&quot;:&quot;px&quot;,&quot;size&quot;:10,&quot;sizes&quot;:[]}}\" data-widget_type=\"testimonial-carousel.default\">\n\t\t\t\t<div class=\"elementor-widget-container\">\n\t\t\t\t\t\t\t\t\t<div class=\"elementor-swiper\">\n\t\t\t\t\t<div class=\"elementor-main-swiper swiper\" role=\"region\" aria-roledescription=\"carousel\" aria-label=\"Diapositives\">\n\t\t\t\t<div class=\"swiper-wrapper\">\n\t\t\t\t\t\t\t\t\t\t\t<div class=\"swiper-slide\" role=\"group\" aria-roledescription=\"slide\">\n\t\t\t\t\t\t\t\t\t<div class=\"elementor-testimonial\">\n\t\t\t\t\t\t\t<div class=\"elementor-testimonial__content\">\n\t\t\t\t\t<div class=\"elementor-testimonial__text\">\n\t\t\t\t\t\tC\u2019est un espace de ressources, d\u2019informations, de conseils d\u00e9velopp\u00e9 par et pour les Jeunes Aidants qui passent entre les mailles du filet et de nos dispositifs d\u2019accompagnement\t\t\t\t\t<\/div>\n\t\t\t\t\t\t\t\t\t<\/div>\n\t\t\t\t\t\t<div class=\"elementor-testimonial__footer\">\n\t\t\t\t\t\t\t\t\t<div class=\"elementor-testimonial__image\">\n\t\t\t\t\t\t<img decoding=\"async\" src=\"https:\/\/help2gether.fr\/wp-content\/uploads\/2021\/03\/Plan-de-travail2_4.png\" alt=\"Daniel Monet\">\n\t\t\t\t\t\t\t\t\t\t\t<\/div>\n\t\t\t\t\t\t\t\t<cite class=\"elementor-testimonial__cite\"><span class=\"elementor-testimonial__name\">Daniel Monet<\/span><span class=\"elementor-testimonial__title\">Pr\u00e9sident du CASA<\/span><\/cite>\t\t\t<\/div>\n\t\t<\/div>\n\t\t\t\t\t\t\t\t<\/div>\n\t\t\t\t\t\t\t\t\t<\/div>\n\t\t\t\t\t\t\t<\/div>\n\t\t\t\t<\/div>\n\t\t\t\t\t\t\t\t<\/div>\n\t\t\t\t<\/div>\n\t\t\t\t<div class=\"elementor-element elementor-element-ca5d439 elementor-widget elementor-widget-text-editor\" data-id=\"ca5d439\" data-element_type=\"widget\" data-e-type=\"widget\" data-widget_type=\"text-editor.default\">\n\t\t\t\t<div class=\"elementor-widget-container\">\n\t\t\t\t\t\t\t\t\tDe\u0300s sa cre\u0301ation en 2010,<br>le CASA soulignait l\u2019importance de la fratrie dans l\u2019accompagnement des jeunes enfants handicape\u0301s ou de proches malades.\t\t\t\t\t\t\t\t<\/div>\n\t\t\t\t<\/div>\n\t\t\t\t\t<\/div>\n\t\t<\/div>\n\t\t\t\t\t<\/div>\n\t\t<\/section>\n\t\t\t\t<\/div>\n\t\t","protected":false},"excerpt":{"rendered":"<p>Nous sommes des aidants, des be\u0301ne\u0301voles re\u0301uni(e)s au sein du Collectif Associatif de Soutien aux Aidants (CASA) Cre\u0301er le bon outil pour les jeunes aidants et tous les publics en contact avec eux, c\u2019est l\u2019objectif du CASA avec la plateforme Help2gether. 0 C&rsquo;est le nombre de jeunes aidants en France \ud83c\uddeb\ud83c\uddf7 Help2gether doit devenir leur &hellip; <\/p>\n<p class=\"link-more\"><a href=\"https:\/\/help2gether.fr\/index.php\/qui-sommes-nous\/une-plateforme-pour-les-jeunes-aidants\/\" class=\"more-link\">Continuer la lecture<span class=\"screen-reader-text\"> de &laquo;&nbsp;Une plateforme pour les jeunes aidants&nbsp;&raquo;<\/span><\/a><\/p>\n","protected":false},"author":1,"featured_media":0,"parent":9,"menu_order":0,"comment_status":"closed","ping_status":"closed","template":"elementor_header_footer","meta":{"footnotes":""},"class_list":["post-13","page","type-page","status-publish","hentry"],"yoast_head":"<!-- This site is optimized with the Yoast SEO plugin v27.4 - https:\/\/yoast.com\/product\/yoast-seo-wordpress\/ -->\n<title>Une plateforme pour les jeunes aidants - Help2gether<\/title>\n<meta name=\"description\" content=\"Nous sommes des aidants, des be\u0301ne\u0301voles re\u0301uni(e)s au sein du Collectif Associatif de Soutien aux Aidants (CASA) Poitou-Charentes...\" \/>\n<meta name=\"robots\" content=\"index, follow, max-snippet:-1, max-image-preview:large, max-video-preview:-1\" \/>\n<link rel=\"canonical\" href=\"https:\/\/help2gether.fr\/index.php\/qui-sommes-nous\/une-plateforme-pour-les-jeunes-aidants\/\" \/>\n<meta property=\"og:locale\" content=\"fr_FR\" \/>\n<meta property=\"og:type\" content=\"article\" \/>\n<meta property=\"og:title\" content=\"Une plateforme pour les jeunes aidants - Help2gether\" \/>\n<meta property=\"og:description\" content=\"Nous sommes des aidants, des be\u0301ne\u0301voles re\u0301uni(e)s au sein du Collectif Associatif de Soutien aux Aidants (CASA) Poitou-Charentes...\" \/>\n<meta property=\"og:url\" content=\"https:\/\/help2gether.fr\/index.php\/qui-sommes-nous\/une-plateforme-pour-les-jeunes-aidants\/\" \/>\n<meta property=\"og:site_name\" content=\"Help2gether\" \/>\n<meta property=\"article:modified_time\" content=\"2021-03-15T13:11:06+00:00\" \/>\n<meta property=\"og:image\" content=\"https:\/\/help2gether.fr\/wp-content\/uploads\/2021\/03\/hiker-1984421_1920.jpg\" \/>\n<meta name=\"twitter:card\" content=\"summary_large_image\" \/>\n<meta name=\"twitter:label1\" content=\"Dur\u00e9e de lecture estim\u00e9e\" \/>\n\t<meta name=\"twitter:data1\" content=\"2 minutes\" \/>\n<script type=\"application\/ld+json\" class=\"yoast-schema-graph\">{\"@context\":\"https:\\\/\\\/schema.org\",\"@graph\":[{\"@type\":\"WebPage\",\"@id\":\"https:\\\/\\\/help2gether.fr\\\/index.php\\\/qui-sommes-nous\\\/une-plateforme-pour-les-jeunes-aidants\\\/\",\"url\":\"https:\\\/\\\/help2gether.fr\\\/index.php\\\/qui-sommes-nous\\\/une-plateforme-pour-les-jeunes-aidants\\\/\",\"name\":\"Une plateforme pour les jeunes aidants - Help2gether\",\"isPartOf\":{\"@id\":\"https:\\\/\\\/help2gether.fr\\\/#website\"},\"primaryImageOfPage\":{\"@id\":\"https:\\\/\\\/help2gether.fr\\\/index.php\\\/qui-sommes-nous\\\/une-plateforme-pour-les-jeunes-aidants\\\/#primaryimage\"},\"image\":{\"@id\":\"https:\\\/\\\/help2gether.fr\\\/index.php\\\/qui-sommes-nous\\\/une-plateforme-pour-les-jeunes-aidants\\\/#primaryimage\"},\"thumbnailUrl\":\"https:\\\/\\\/help2gether.fr\\\/wp-content\\\/uploads\\\/2021\\\/03\\\/hiker-1984421_1920.jpg\",\"datePublished\":\"2021-02-12T14:05:35+00:00\",\"dateModified\":\"2021-03-15T13:11:06+00:00\",\"description\":\"Nous sommes des aidants, des be\u0301ne\u0301voles re\u0301uni(e)s au sein du Collectif Associatif de Soutien aux Aidants (CASA) Poitou-Charentes...\",\"breadcrumb\":{\"@id\":\"https:\\\/\\\/help2gether.fr\\\/index.php\\\/qui-sommes-nous\\\/une-plateforme-pour-les-jeunes-aidants\\\/#breadcrumb\"},\"inLanguage\":\"fr-FR\",\"potentialAction\":[{\"@type\":\"ReadAction\",\"target\":[\"https:\\\/\\\/help2gether.fr\\\/index.php\\\/qui-sommes-nous\\\/une-plateforme-pour-les-jeunes-aidants\\\/\"]}]},{\"@type\":\"ImageObject\",\"inLanguage\":\"fr-FR\",\"@id\":\"https:\\\/\\\/help2gether.fr\\\/index.php\\\/qui-sommes-nous\\\/une-plateforme-pour-les-jeunes-aidants\\\/#primaryimage\",\"url\":\"https:\\\/\\\/help2gether.fr\\\/wp-content\\\/uploads\\\/2021\\\/03\\\/hiker-1984421_1920.jpg\",\"contentUrl\":\"https:\\\/\\\/help2gether.fr\\\/wp-content\\\/uploads\\\/2021\\\/03\\\/hiker-1984421_1920.jpg\",\"width\":1920,\"height\":1440,\"caption\":\"help2gether-plateforme\"},{\"@type\":\"BreadcrumbList\",\"@id\":\"https:\\\/\\\/help2gether.fr\\\/index.php\\\/qui-sommes-nous\\\/une-plateforme-pour-les-jeunes-aidants\\\/#breadcrumb\",\"itemListElement\":[{\"@type\":\"ListItem\",\"position\":1,\"name\":\"Accueil\",\"item\":\"https:\\\/\\\/help2gether.fr\\\/\"},{\"@type\":\"ListItem\",\"position\":2,\"name\":\"Qui sommes-nous ?\",\"item\":\"https:\\\/\\\/help2gether.fr\\\/index.php\\\/qui-sommes-nous\\\/\"},{\"@type\":\"ListItem\",\"position\":3,\"name\":\"Une plateforme pour les jeunes aidants\"}]},{\"@type\":\"WebSite\",\"@id\":\"https:\\\/\\\/help2gether.fr\\\/#website\",\"url\":\"https:\\\/\\\/help2gether.fr\\\/\",\"name\":\"Help2gether\",\"description\":\"Les jeunes aidants s\u2019entraident\",\"publisher\":{\"@id\":\"https:\\\/\\\/help2gether.fr\\\/#organization\"},\"potentialAction\":[{\"@type\":\"SearchAction\",\"target\":{\"@type\":\"EntryPoint\",\"urlTemplate\":\"https:\\\/\\\/help2gether.fr\\\/?s={search_term_string}\"},\"query-input\":{\"@type\":\"PropertyValueSpecification\",\"valueRequired\":true,\"valueName\":\"search_term_string\"}}],\"inLanguage\":\"fr-FR\"},{\"@type\":\"Organization\",\"@id\":\"https:\\\/\\\/help2gether.fr\\\/#organization\",\"name\":\"Help2gether\",\"url\":\"https:\\\/\\\/help2gether.fr\\\/\",\"logo\":{\"@type\":\"ImageObject\",\"inLanguage\":\"fr-FR\",\"@id\":\"https:\\\/\\\/help2gether.fr\\\/#\\\/schema\\\/logo\\\/image\\\/\",\"url\":\"https:\\\/\\\/help2gether.fr\\\/wp-content\\\/uploads\\\/2021\\\/02\\\/cropped-help2gether-logo.png\",\"contentUrl\":\"https:\\\/\\\/help2gether.fr\\\/wp-content\\\/uploads\\\/2021\\\/02\\\/cropped-help2gether-logo.png\",\"width\":250,\"height\":250,\"caption\":\"Help2gether\"},\"image\":{\"@id\":\"https:\\\/\\\/help2gether.fr\\\/#\\\/schema\\\/logo\\\/image\\\/\"}}]}<\/script>\n<!-- \/ Yoast SEO plugin. -->","yoast_head_json":{"title":"Une plateforme pour les jeunes aidants - Help2gether","description":"Nous sommes des aidants, des be\u0301ne\u0301voles re\u0301uni(e)s au sein du Collectif Associatif de Soutien aux Aidants (CASA) Poitou-Charentes...","robots":{"index":"index","follow":"follow","max-snippet":"max-snippet:-1","max-image-preview":"max-image-preview:large","max-video-preview":"max-video-preview:-1"},"canonical":"https:\/\/help2gether.fr\/index.php\/qui-sommes-nous\/une-plateforme-pour-les-jeunes-aidants\/","og_locale":"fr_FR","og_type":"article","og_title":"Une plateforme pour les jeunes aidants - Help2gether","og_description":"Nous sommes des aidants, des be\u0301ne\u0301voles re\u0301uni(e)s au sein du Collectif Associatif de Soutien aux Aidants (CASA) Poitou-Charentes...","og_url":"https:\/\/help2gether.fr\/index.php\/qui-sommes-nous\/une-plateforme-pour-les-jeunes-aidants\/","og_site_name":"Help2gether","article_modified_time":"2021-03-15T13:11:06+00:00","og_image":[{"url":"https:\/\/help2gether.fr\/wp-content\/uploads\/2021\/03\/hiker-1984421_1920.jpg","type":"","width":"","height":""}],"twitter_card":"summary_large_image","twitter_misc":{"Dur\u00e9e de lecture estim\u00e9e":"2 minutes"},"schema":{"@context":"https:\/\/schema.org","@graph":[{"@type":"WebPage","@id":"https:\/\/help2gether.fr\/index.php\/qui-sommes-nous\/une-plateforme-pour-les-jeunes-aidants\/","url":"https:\/\/help2gether.fr\/index.php\/qui-sommes-nous\/une-plateforme-pour-les-jeunes-aidants\/","name":"Une plateforme pour les jeunes aidants - Help2gether","isPartOf":{"@id":"https:\/\/help2gether.fr\/#website"},"primaryImageOfPage":{"@id":"https:\/\/help2gether.fr\/index.php\/qui-sommes-nous\/une-plateforme-pour-les-jeunes-aidants\/#primaryimage"},"image":{"@id":"https:\/\/help2gether.fr\/index.php\/qui-sommes-nous\/une-plateforme-pour-les-jeunes-aidants\/#primaryimage"},"thumbnailUrl":"https:\/\/help2gether.fr\/wp-content\/uploads\/2021\/03\/hiker-1984421_1920.jpg","datePublished":"2021-02-12T14:05:35+00:00","dateModified":"2021-03-15T13:11:06+00:00","description":"Nous sommes des aidants, des be\u0301ne\u0301voles re\u0301uni(e)s au sein du Collectif Associatif de Soutien aux Aidants (CASA) Poitou-Charentes...","breadcrumb":{"@id":"https:\/\/help2gether.fr\/index.php\/qui-sommes-nous\/une-plateforme-pour-les-jeunes-aidants\/#breadcrumb"},"inLanguage":"fr-FR","potentialAction":[{"@type":"ReadAction","target":["https:\/\/help2gether.fr\/index.php\/qui-sommes-nous\/une-plateforme-pour-les-jeunes-aidants\/"]}]},{"@type":"ImageObject","inLanguage":"fr-FR","@id":"https:\/\/help2gether.fr\/index.php\/qui-sommes-nous\/une-plateforme-pour-les-jeunes-aidants\/#primaryimage","url":"https:\/\/help2gether.fr\/wp-content\/uploads\/2021\/03\/hiker-1984421_1920.jpg","contentUrl":"https:\/\/help2gether.fr\/wp-content\/uploads\/2021\/03\/hiker-1984421_1920.jpg","width":1920,"height":1440,"caption":"help2gether-plateforme"},{"@type":"BreadcrumbList","@id":"https:\/\/help2gether.fr\/index.php\/qui-sommes-nous\/une-plateforme-pour-les-jeunes-aidants\/#breadcrumb","itemListElement":[{"@type":"ListItem","position":1,"name":"Accueil","item":"https:\/\/help2gether.fr\/"},{"@type":"ListItem","position":2,"name":"Qui sommes-nous ?","item":"https:\/\/help2gether.fr\/index.php\/qui-sommes-nous\/"},{"@type":"ListItem","position":3,"name":"Une plateforme pour les jeunes aidants"}]},{"@type":"WebSite","@id":"https:\/\/help2gether.fr\/#website","url":"https:\/\/help2gether.fr\/","name":"Help2gether","description":"Les jeunes aidants s\u2019entraident","publisher":{"@id":"https:\/\/help2gether.fr\/#organization"},"potentialAction":[{"@type":"SearchAction","target":{"@type":"EntryPoint","urlTemplate":"https:\/\/help2gether.fr\/?s={search_term_string}"},"query-input":{"@type":"PropertyValueSpecification","valueRequired":true,"valueName":"search_term_string"}}],"inLanguage":"fr-FR"},{"@type":"Organization","@id":"https:\/\/help2gether.fr\/#organization","name":"Help2gether","url":"https:\/\/help2gether.fr\/","logo":{"@type":"ImageObject","inLanguage":"fr-FR","@id":"https:\/\/help2gether.fr\/#\/schema\/logo\/image\/","url":"https:\/\/help2gether.fr\/wp-content\/uploads\/2021\/02\/cropped-help2gether-logo.png","contentUrl":"https:\/\/help2gether.fr\/wp-content\/uploads\/2021\/02\/cropped-help2gether-logo.png","width":250,"height":250,"caption":"Help2gether"},"image":{"@id":"https:\/\/help2gether.fr\/#\/schema\/logo\/image\/"}}]}},"_links":{"self":[{"href":"https:\/\/help2gether.fr\/index.php\/wp-json\/wp\/v2\/pages\/13","targetHints":{"allow":["GET"]}}],"collection":[{"href":"https:\/\/help2gether.fr\/index.php\/wp-json\/wp\/v2\/pages"}],"about":[{"href":"https:\/\/help2gether.fr\/index.php\/wp-json\/wp\/v2\/types\/page"}],"author":[{"embeddable":true,"href":"https:\/\/help2gether.fr\/index.php\/wp-json\/wp\/v2\/users\/1"}],"replies":[{"embeddable":true,"href":"https:\/\/help2gether.fr\/index.php\/wp-json\/wp\/v2\/comments?post=13"}],"version-history":[{"count":65,"href":"https:\/\/help2gether.fr\/index.php\/wp-json\/wp\/v2\/pages\/13\/revisions"}],"predecessor-version":[{"id":744,"href":"https:\/\/help2gether.fr\/index.php\/wp-json\/wp\/v2\/pages\/13\/revisions\/744"}],"up":[{"embeddable":true,"href":"https:\/\/help2gether.fr\/index.php\/wp-json\/wp\/v2\/pages\/9"}],"wp:attachment":[{"href":"https:\/\/help2gether.fr\/index.php\/wp-json\/wp\/v2\/media?parent=13"}],"curies":[{"name":"wp","href":"https:\/\/api.w.org\/{rel}","templated":true}]}}